{"id":177,"date":"2023-03-04T18:06:41","date_gmt":"2023-03-04T17:06:41","guid":{"rendered":"https:\/\/www.dermacain.hu\/?post_type=product&#038;p=177"},"modified":"2024-03-30T21:41:57","modified_gmt":"2024-03-30T20:41:57","slug":"6-darab-x-tktx-40-ingyenes-szallitas","status":"publish","type":"product","link":"https:\/\/www.tktx-esklep.pl\/?product=6-darab-x-tktx-40-ingyenes-szallitas","title":{"rendered":"6 sztuk x TKTX 40% + Darmowa dostawa"},"content":{"rendered":"<h3>Jak nale\u017cy aplikowa\u0107 krem do tatua\u017cu TKTX?<\/h3>\n<div class=\"flex-1 overflow-hidden\">\n<div class=\"react-scroll-to-bottom--css-korei-79elbk h-full\">\n<div class=\"react-scroll-to-bottom--css-korei-1n7m0yu\">\n<div class=\"flex flex-col pb-9 text-sm\">\n<div class=\"w-full text-token-text-primary\" data-testid=\"conversation-turn-27\">\n<div class=\"px-4 py-2 justify-center text-base md:gap-6 m-auto\">\n<div class=\"flex flex-1 text-base mx-auto gap-3 md:px-5 lg:px-1 xl:px-5 md:max-w-3xl lg:max-w-[40rem] xl:max-w-[48rem] group final-completion\">\n<div class=\"relative flex w-full flex-col agent-turn\">\n<div class=\"flex-col gap-1 md:gap-3\">\n<div class=\"flex flex-grow flex-col max-w-full\">\n<div class=\"min-h-[20px] text-message flex flex-col items-start gap-3 whitespace-pre-wrap break-words [.text-message+&amp;]:mt-5 overflow-x-auto\" data-message-author-role=\"assistant\" data-message-id=\"5e1004ac-28c2-4818-9e3a-7e6be313e811\">\n<div class=\"markdown prose w-full break-words dark:prose-invert light\">\n<p>Dla osi\u0105gni\u0119cia najsilniejszego efektu znieczulaj\u0105cego zaleca si\u0119 na\u0142o\u017cenie kremu na 30-40 minut przed wykonaniem tatua\u017cu i przykrycie go foli\u0105 spo\u017cywcz\u0105. Folia zwi\u0119ksza zdolno\u015b\u0107 kremu do absorpcji wilgoci, zmniejsza parowanie i gwarantuje, \u017ce ulubiona koszulka nie zostanie zabrudzona.<\/p>\n<\/div>\n<\/div>\n<\/div>\n<\/div>\n<\/div>\n<\/div>\n<\/div>\n<\/div>\n<\/div>\n<\/div>\n<\/div>\n<\/div>\n<p><iframe loading=\"lazy\" title=\"Dermacain Krem znieczulaj\u0105cy do tatua\u017cu\" width=\"760\" height=\"428\" src=\"https:\/\/www.youtube.com\/embed\/__AtagT-WGQ?feature=oembed\" frameborder=\"0\" allow=\"accelerometer; autoplay; clipboard-write; encrypted-media; gyroscope; picture-in-picture; web-share\" referrerpolicy=\"strict-origin-when-cross-origin\" allowfullscreen><\/iframe><\/p>\n<h3>Zawiera<\/h3>\n<div class=\"flex-1 overflow-hidden\">\n<div class=\"react-scroll-to-bottom--css-korei-79elbk h-full\">\n<div class=\"react-scroll-to-bottom--css-korei-1n7m0yu\">\n<div class=\"flex flex-col pb-9 text-sm\">\n<div class=\"w-full text-token-text-primary\" data-testid=\"conversation-turn-31\">\n<div class=\"px-4 py-2 justify-center text-base md:gap-6 m-auto\">\n<div class=\"flex flex-1 text-base mx-auto gap-3 md:px-5 lg:px-1 xl:px-5 md:max-w-3xl lg:max-w-[40rem] xl:max-w-[48rem] group final-completion\">\n<div class=\"relative flex w-full flex-col agent-turn\">\n<div class=\"flex-col gap-1 md:gap-3\">\n<div class=\"flex flex-grow flex-col max-w-full\">\n<div class=\"min-h-[20px] text-message flex flex-col items-start gap-3 whitespace-pre-wrap break-words [.text-message+&amp;]:mt-5 overflow-x-auto\" data-message-author-role=\"assistant\" data-message-id=\"21e9a227-21c4-4d06-8cd5-5288e333a70a\">\n<div class=\"markdown prose w-full break-words dark:prose-invert light\">\n<p>Sk\u0142ad kremu (opakowanie 10g): 7% lidokainy, 7% prilokainy, 2% epinefryny, baza kremu (gliceryna, czysta woda, etanol, propylen glikol, lecytyna)<\/p>\n<\/div>\n<\/div>\n<\/div>\n<\/div>\n<\/div>\n<\/div>\n<\/div>\n<\/div>\n<\/div>\n<\/div>\n<\/div>\n<\/div>\n<p><img loading=\"lazy\" decoding=\"async\" class=\"aligncenter wp-image-109 size-large\" src=\"https:\/\/www.tktx-esklep.pl\/wp-content\/uploads\/2022\/07\/IMG_20210723_114501-copy-2-1024x521.png\" alt=\"Krem do tatua\u017cu TKTX 40%\" width=\"980\" height=\"499\" srcset=\"https:\/\/www.tktx-esklep.pl\/wp-content\/uploads\/2022\/07\/IMG_20210723_114501-copy-2-1024x521.png 1024w, https:\/\/www.tktx-esklep.pl\/wp-content\/uploads\/2022\/07\/IMG_20210723_114501-copy-2-300x153.png 300w, https:\/\/www.tktx-esklep.pl\/wp-content\/uploads\/2022\/07\/IMG_20210723_114501-copy-2-768x391.png 768w, https:\/\/www.tktx-esklep.pl\/wp-content\/uploads\/2022\/07\/IMG_20210723_114501-copy-2-1536x782.png 1536w, https:\/\/www.tktx-esklep.pl\/wp-content\/uploads\/2022\/07\/IMG_20210723_114501-copy-2-2048x1042.png 2048w, https:\/\/www.tktx-esklep.pl\/wp-content\/uploads\/2022\/07\/IMG_20210723_114501-copy-2-1320x672.png 1320w, https:\/\/www.tktx-esklep.pl\/wp-content\/uploads\/2022\/07\/IMG_20210723_114501-copy-2-324x165.png 324w, https:\/\/www.tktx-esklep.pl\/wp-content\/uploads\/2022\/07\/IMG_20210723_114501-copy-2-416x212.png 416w\" sizes=\"auto, (max-width: 980px) 100vw, 980px\" \/><\/p>\n<p><img loading=\"lazy\" decoding=\"async\" class=\"alignleft wp-image-2186 size-medium\" src=\"https:\/\/www.tktx-esklep.pl\/wp-content\/uploads\/2024\/03\/Add-a-subheading-300x210.png\" alt=\"Krem znieczulaj\u0105cy TKTX 75%\" width=\"300\" height=\"210\" srcset=\"https:\/\/www.tktx-esklep.pl\/wp-content\/uploads\/2024\/03\/Add-a-subheading-300x210.png 300w, https:\/\/www.tktx-esklep.pl\/wp-content\/uploads\/2024\/03\/Add-a-subheading-500x350.png 500w, https:\/\/www.tktx-esklep.pl\/wp-content\/uploads\/2024\/03\/Add-a-subheading-600x421.png 600w, https:\/\/www.tktx-esklep.pl\/wp-content\/uploads\/2024\/03\/Add-a-subheading.png 612w\" sizes=\"auto, (max-width: 300px) 100vw, 300px\" \/><\/p>\n<p>Wszystkie paczki z kremem znieczulaj\u0105cym s\u0105 wysy\u0142ane jak najszybciej &#8211; oczekuje si\u0119, \u017ce w ci\u0105gu 3 dni roboczych (paczki s\u0105 wysy\u0142ane ka\u017cdego dnia roboczego do godziny 11:00).<\/p>\n<p>Dostawa do punkt\u00f3w odbioru Packeta jest bezp\u0142atna. Istnieje r\u00f3wnie\u017c mo\u017cliwo\u015b\u0107 dostawy do domu. Krem znieczulaj\u0105cy mo\u017cna zap\u0142aci\u0107 kart\u0105 bankow\u0105 lub przy dostawie.<\/p>\n<p><a href=\"https:\/\/www.tktx-esklep.pl\/?add-to-cart=177\"><img loading=\"lazy\" decoding=\"async\" class=\"aligncenter wp-image-2181\" src=\"https:\/\/www.tktx-esklep.pl\/wp-content\/uploads\/2024\/03\/1499-35.png\" alt=\"Krem do tatua\u017cu TKTX 40%\" width=\"150\" height=\"60\" srcset=\"https:\/\/www.tktx-esklep.pl\/wp-content\/uploads\/2024\/03\/1499-35.png 500w, https:\/\/www.tktx-esklep.pl\/wp-content\/uploads\/2024\/03\/1499-35-300x121.png 300w\" sizes=\"auto, (max-width: 150px) 100vw, 150px\" \/><\/a><\/p>\n","protected":false},"excerpt":{"rendered":"<h3>Najs\u0142ynniejszy krem znieczulaj\u0105cy do tatua\u017cy<\/h3>\n<p>Je\u015bli chcia\u0142e\u015b unikn\u0105\u0107 b\u00f3lu zwi\u0105zanego z robieniem tatua\u017cu, na pewno s\u0142ysza\u0142e\u015b ju\u017c o TKTX. Ci, kt\u00f3rzy wspomnieli Ci o tym, mieli na my\u015bli w\u0142a\u015bnie ten krem, od kt\u00f3rego wszystko si\u0119 zacz\u0119\u0142o.<\/p>\n<p>Dzisiaj istnieje ca\u0142a gama krem\u00f3w TKTX r\u00f3\u017cni\u0105cych si\u0119 kolorem i procentowym stosunkiem sk\u0142adnik\u00f3w. R\u00f3\u017cne kolory krem\u00f3w dzia\u0142aj\u0105 w ten sam spos\u00f3b, pod warunkiem, \u017ce maj\u0105 ten sam procentowy udzia\u0142 sk\u0142adnik\u00f3w. Im wy\u017cszy procent, tym mocniejsze dzia\u0142anie znieczulaj\u0105ce kremu. S\u0105 tacy, kt\u00f3rzy pozostaj\u0105 wierni klasykom, tak jak je poznali.<\/p>\n","protected":false},"featured_media":171,"template":"","meta":{"_monsterinsights_skip_tracking":false,"_monsterinsights_sitenote_active":false,"_monsterinsights_sitenote_note":"","_monsterinsights_sitenote_category":0},"product_cat":[18],"product_tag":[],"class_list":{"0":"post-177","1":"product","2":"type-product","3":"status-publish","4":"has-post-thumbnail","6":"product_cat-erzestelenito-krem-tktx","8":"first","9":"instock","10":"sale","11":"taxable","12":"shipping-taxable","13":"purchasable","14":"product-type-simple"},"yoast_head":"<!-- This site is optimized with the Yoast SEO plugin v22.4 - https:\/\/yoast.com\/wordpress\/plugins\/seo\/ -->\n<title>6 sztuk x TKTX 40% + Darmowa dostawa - TKTX<\/title>\n<meta name=\"description\" content=\"Najs\u0142ynniejszy krem znieczulaj\u0105cy TKTX do znieczulenia sk\u00f3ry przed tatuowaniem. Klasyk firmy TKTX, kt\u00f3ry wszystko zmieni\u0142.\" \/>\n<meta name=\"robots\" content=\"index, follow, max-snippet:-1, max-image-preview:large, max-video-preview:-1\" \/>\n<link rel=\"canonical\" href=\"https:\/\/www.tktx-esklep.pl\/?product=6-darab-x-tktx-40-ingyenes-szallitas\" \/>\n<meta property=\"og:locale\" content=\"pl_PL\" \/>\n<meta property=\"og:type\" content=\"article\" \/>\n<meta property=\"og:title\" content=\"6 sztuk x TKTX 40% + Darmowa dostawa - TKTX\" \/>\n<meta property=\"og:description\" content=\"Najs\u0142ynniejszy krem znieczulaj\u0105cy TKTX do znieczulenia sk\u00f3ry przed tatuowaniem. Klasyk firmy TKTX, kt\u00f3ry wszystko zmieni\u0142.\" \/>\n<meta property=\"og:url\" content=\"https:\/\/www.tktx-esklep.pl\/?product=6-darab-x-tktx-40-ingyenes-szallitas\" \/>\n<meta property=\"og:site_name\" content=\"TKTX\" \/>\n<meta property=\"article:modified_time\" content=\"2024-03-30T20:41:57+00:00\" \/>\n<meta property=\"og:image\" content=\"https:\/\/www.tktx-esklep.pl\/wp-content\/uploads\/2023\/03\/Untitled-design-1.png\" \/>\n\t<meta property=\"og:image:width\" content=\"1071\" \/>\n\t<meta property=\"og:image:height\" content=\"394\" \/>\n\t<meta property=\"og:image:type\" content=\"image\/png\" \/>\n<meta name=\"twitter:card\" content=\"summary_large_image\" \/>\n<meta name=\"twitter:label1\" content=\"Szacowany czas czytania\" \/>\n\t<meta name=\"twitter:data1\" content=\"2 minuty\" \/>\n<script type=\"application\/ld+json\" class=\"yoast-schema-graph\">{\"@context\":\"https:\/\/schema.org\",\"@graph\":[{\"@type\":\"WebPage\",\"@id\":\"https:\/\/www.tktx-esklep.pl\/?product=6-darab-x-tktx-40-ingyenes-szallitas\",\"url\":\"https:\/\/www.tktx-esklep.pl\/?product=6-darab-x-tktx-40-ingyenes-szallitas\",\"name\":\"6 sztuk x TKTX 40% + Darmowa dostawa - TKTX\",\"isPartOf\":{\"@id\":\"https:\/\/www.tktx-esklep.pl\/#website\"},\"primaryImageOfPage\":{\"@id\":\"https:\/\/www.tktx-esklep.pl\/?product=6-darab-x-tktx-40-ingyenes-szallitas#primaryimage\"},\"image\":{\"@id\":\"https:\/\/www.tktx-esklep.pl\/?product=6-darab-x-tktx-40-ingyenes-szallitas#primaryimage\"},\"thumbnailUrl\":\"https:\/\/www.tktx-esklep.pl\/wp-content\/uploads\/2023\/03\/Untitled-design-1.png\",\"datePublished\":\"2023-03-04T17:06:41+00:00\",\"dateModified\":\"2024-03-30T20:41:57+00:00\",\"description\":\"Najs\u0142ynniejszy krem znieczulaj\u0105cy TKTX do znieczulenia sk\u00f3ry przed tatuowaniem. Klasyk firmy TKTX, kt\u00f3ry wszystko zmieni\u0142.\",\"breadcrumb\":{\"@id\":\"https:\/\/www.tktx-esklep.pl\/?product=6-darab-x-tktx-40-ingyenes-szallitas#breadcrumb\"},\"inLanguage\":\"pl-PL\",\"potentialAction\":[{\"@type\":\"ReadAction\",\"target\":[\"https:\/\/www.tktx-esklep.pl\/?product=6-darab-x-tktx-40-ingyenes-szallitas\"]}]},{\"@type\":\"ImageObject\",\"inLanguage\":\"pl-PL\",\"@id\":\"https:\/\/www.tktx-esklep.pl\/?product=6-darab-x-tktx-40-ingyenes-szallitas#primaryimage\",\"url\":\"https:\/\/www.tktx-esklep.pl\/wp-content\/uploads\/2023\/03\/Untitled-design-1.png\",\"contentUrl\":\"https:\/\/www.tktx-esklep.pl\/wp-content\/uploads\/2023\/03\/Untitled-design-1.png\",\"width\":1071,\"height\":394,\"caption\":\"\u00c9rz\u00e9stelen\u00edt\u0151 kr\u00e9m TKTX\"},{\"@type\":\"BreadcrumbList\",\"@id\":\"https:\/\/www.tktx-esklep.pl\/?product=6-darab-x-tktx-40-ingyenes-szallitas#breadcrumb\",\"itemListElement\":[{\"@type\":\"ListItem\",\"position\":1,\"name\":\"Home\",\"item\":\"https:\/\/www.tktx-esklep.pl\/\"},{\"@type\":\"ListItem\",\"position\":2,\"name\":\"6 sztuk x TKTX 40% + Darmowa dostawa\"}]},{\"@type\":\"WebSite\",\"@id\":\"https:\/\/www.tktx-esklep.pl\/#website\",\"url\":\"https:\/\/www.tktx-esklep.pl\/\",\"name\":\"TKTX\",\"description\":\"Pi\u0119kno nie musi ju\u017c bole\u0107...\",\"publisher\":{\"@id\":\"https:\/\/www.tktx-esklep.pl\/#organization\"},\"potentialAction\":[{\"@type\":\"SearchAction\",\"target\":{\"@type\":\"EntryPoint\",\"urlTemplate\":\"https:\/\/www.tktx-esklep.pl\/?s={search_term_string}\"},\"query-input\":\"required name=search_term_string\"}],\"inLanguage\":\"pl-PL\"},{\"@type\":\"Organization\",\"@id\":\"https:\/\/www.tktx-esklep.pl\/#organization\",\"name\":\"TKTX\",\"url\":\"https:\/\/www.tktx-esklep.pl\/\",\"logo\":{\"@type\":\"ImageObject\",\"inLanguage\":\"pl-PL\",\"@id\":\"https:\/\/www.tktx-esklep.pl\/#\/schema\/logo\/image\/\",\"url\":\"https:\/\/www.tktx-esklep.pl\/wp-content\/uploads\/2022\/04\/cropped-cropped-Screen-Shot-2020-04-08-at-2.34.15-PM.png\",\"contentUrl\":\"https:\/\/www.tktx-esklep.pl\/wp-content\/uploads\/2022\/04\/cropped-cropped-Screen-Shot-2020-04-08-at-2.34.15-PM.png\",\"width\":512,\"height\":512,\"caption\":\"TKTX\"},\"image\":{\"@id\":\"https:\/\/www.tktx-esklep.pl\/#\/schema\/logo\/image\/\"}}]}<\/script>\n<!-- \/ Yoast SEO plugin. -->","yoast_head_json":{"title":"6 sztuk x TKTX 40% + Darmowa dostawa - TKTX","description":"Najs\u0142ynniejszy krem znieczulaj\u0105cy TKTX do znieczulenia sk\u00f3ry przed tatuowaniem. Klasyk firmy TKTX, kt\u00f3ry wszystko zmieni\u0142.","robots":{"index":"index","follow":"follow","max-snippet":"max-snippet:-1","max-image-preview":"max-image-preview:large","max-video-preview":"max-video-preview:-1"},"canonical":"https:\/\/www.tktx-esklep.pl\/?product=6-darab-x-tktx-40-ingyenes-szallitas","og_locale":"pl_PL","og_type":"article","og_title":"6 sztuk x TKTX 40% + Darmowa dostawa - TKTX","og_description":"Najs\u0142ynniejszy krem znieczulaj\u0105cy TKTX do znieczulenia sk\u00f3ry przed tatuowaniem. Klasyk firmy TKTX, kt\u00f3ry wszystko zmieni\u0142.","og_url":"https:\/\/www.tktx-esklep.pl\/?product=6-darab-x-tktx-40-ingyenes-szallitas","og_site_name":"TKTX","article_modified_time":"2024-03-30T20:41:57+00:00","og_image":[{"width":1071,"height":394,"url":"https:\/\/www.tktx-esklep.pl\/wp-content\/uploads\/2023\/03\/Untitled-design-1.png","type":"image\/png"}],"twitter_card":"summary_large_image","twitter_misc":{"Szacowany czas czytania":"2 minuty"},"schema":{"@context":"https:\/\/schema.org","@graph":[{"@type":"WebPage","@id":"https:\/\/www.tktx-esklep.pl\/?product=6-darab-x-tktx-40-ingyenes-szallitas","url":"https:\/\/www.tktx-esklep.pl\/?product=6-darab-x-tktx-40-ingyenes-szallitas","name":"6 sztuk x TKTX 40% + Darmowa dostawa - TKTX","isPartOf":{"@id":"https:\/\/www.tktx-esklep.pl\/#website"},"primaryImageOfPage":{"@id":"https:\/\/www.tktx-esklep.pl\/?product=6-darab-x-tktx-40-ingyenes-szallitas#primaryimage"},"image":{"@id":"https:\/\/www.tktx-esklep.pl\/?product=6-darab-x-tktx-40-ingyenes-szallitas#primaryimage"},"thumbnailUrl":"https:\/\/www.tktx-esklep.pl\/wp-content\/uploads\/2023\/03\/Untitled-design-1.png","datePublished":"2023-03-04T17:06:41+00:00","dateModified":"2024-03-30T20:41:57+00:00","description":"Najs\u0142ynniejszy krem znieczulaj\u0105cy TKTX do znieczulenia sk\u00f3ry przed tatuowaniem. Klasyk firmy TKTX, kt\u00f3ry wszystko zmieni\u0142.","breadcrumb":{"@id":"https:\/\/www.tktx-esklep.pl\/?product=6-darab-x-tktx-40-ingyenes-szallitas#breadcrumb"},"inLanguage":"pl-PL","potentialAction":[{"@type":"ReadAction","target":["https:\/\/www.tktx-esklep.pl\/?product=6-darab-x-tktx-40-ingyenes-szallitas"]}]},{"@type":"ImageObject","inLanguage":"pl-PL","@id":"https:\/\/www.tktx-esklep.pl\/?product=6-darab-x-tktx-40-ingyenes-szallitas#primaryimage","url":"https:\/\/www.tktx-esklep.pl\/wp-content\/uploads\/2023\/03\/Untitled-design-1.png","contentUrl":"https:\/\/www.tktx-esklep.pl\/wp-content\/uploads\/2023\/03\/Untitled-design-1.png","width":1071,"height":394,"caption":"\u00c9rz\u00e9stelen\u00edt\u0151 kr\u00e9m TKTX"},{"@type":"BreadcrumbList","@id":"https:\/\/www.tktx-esklep.pl\/?product=6-darab-x-tktx-40-ingyenes-szallitas#breadcrumb","itemListElement":[{"@type":"ListItem","position":1,"name":"Home","item":"https:\/\/www.tktx-esklep.pl\/"},{"@type":"ListItem","position":2,"name":"6 sztuk x TKTX 40% + Darmowa dostawa"}]},{"@type":"WebSite","@id":"https:\/\/www.tktx-esklep.pl\/#website","url":"https:\/\/www.tktx-esklep.pl\/","name":"TKTX","description":"Pi\u0119kno nie musi ju\u017c bole\u0107...","publisher":{"@id":"https:\/\/www.tktx-esklep.pl\/#organization"},"potentialAction":[{"@type":"SearchAction","target":{"@type":"EntryPoint","urlTemplate":"https:\/\/www.tktx-esklep.pl\/?s={search_term_string}"},"query-input":"required name=search_term_string"}],"inLanguage":"pl-PL"},{"@type":"Organization","@id":"https:\/\/www.tktx-esklep.pl\/#organization","name":"TKTX","url":"https:\/\/www.tktx-esklep.pl\/","logo":{"@type":"ImageObject","inLanguage":"pl-PL","@id":"https:\/\/www.tktx-esklep.pl\/#\/schema\/logo\/image\/","url":"https:\/\/www.tktx-esklep.pl\/wp-content\/uploads\/2022\/04\/cropped-cropped-Screen-Shot-2020-04-08-at-2.34.15-PM.png","contentUrl":"https:\/\/www.tktx-esklep.pl\/wp-content\/uploads\/2022\/04\/cropped-cropped-Screen-Shot-2020-04-08-at-2.34.15-PM.png","width":512,"height":512,"caption":"TKTX"},"image":{"@id":"https:\/\/www.tktx-esklep.pl\/#\/schema\/logo\/image\/"}}]}},"_links":{"self":[{"href":"https:\/\/www.tktx-esklep.pl\/index.php?rest_route=\/wp\/v2\/product\/177","targetHints":{"allow":["GET"]}}],"collection":[{"href":"https:\/\/www.tktx-esklep.pl\/index.php?rest_route=\/wp\/v2\/product"}],"about":[{"href":"https:\/\/www.tktx-esklep.pl\/index.php?rest_route=\/wp\/v2\/types\/product"}],"wp:featuredmedia":[{"embeddable":true,"href":"https:\/\/www.tktx-esklep.pl\/index.php?rest_route=\/wp\/v2\/media\/171"}],"wp:attachment":[{"href":"https:\/\/www.tktx-esklep.pl\/index.php?rest_route=%2Fwp%2Fv2%2Fmedia&parent=177"}],"wp:term":[{"taxonomy":"product_cat","embeddable":true,"href":"https:\/\/www.tktx-esklep.pl\/index.php?rest_route=%2Fwp%2Fv2%2Fproduct_cat&post=177"},{"taxonomy":"product_tag","embeddable":true,"href":"https:\/\/www.tktx-esklep.pl\/index.php?rest_route=%2Fwp%2Fv2%2Fproduct_tag&post=177"}],"curies":[{"name":"wp","href":"https:\/\/api.w.org\/{rel}","templated":true}]}}